[INFO] fetching crate mail-parser 0.8.2...
[INFO] checking mail-parser-0.8.2 against master#e6e4f7ed1589e03bc2f6c5931c1a72e7947e8682 for beta-170-4
[INFO] extracting crate mail-parser 0.8.2 into /workspace/builds/worker-7-tc2/source
[INFO] validating manifest of crates.io crate mail-parser 0.8.2 on toolchain e6e4f7ed1589e03bc2f6c5931c1a72e7947e8682
[INFO] running `Command { std: CARGO_HOME="/workspace/cargo-home" RUSTUP_HOME="/workspace/rustup-home" "/workspace/cargo-home/bin/cargo" "+e6e4f7ed1589e03bc2f6c5931c1a72e7947e8682" "metadata" "--manifest-path" "Cargo.toml" "--no-deps", kill_on_drop: false }`
[INFO] started tweaking crates.io crate mail-parser 0.8.2
[INFO] finished tweaking crates.io crate mail-parser 0.8.2
[INFO] tweaked toml for crates.io crate mail-parser 0.8.2 written to /workspace/builds/worker-7-tc2/source/Cargo.toml
[INFO] crate crates.io crate mail-parser 0.8.2 already has a lockfile, it will not be regenerated
[INFO] running `Command { std: CARGO_HOME="/workspace/cargo-home" RUSTUP_HOME="/workspace/rustup-home" "/workspace/cargo-home/bin/cargo" "+e6e4f7ed1589e03bc2f6c5931c1a72e7947e8682" "fetch" "--manifest-path" "Cargo.toml", kill_on_drop: false }`
[INFO] running `Command { std: "docker" "create" "-v" "/var/lib/crater-agent-workspace/builds/worker-7-tc2/target:/opt/rustwide/target:rw,Z" "-v" "/var/lib/crater-agent-workspace/builds/worker-7-tc2/source:/opt/rustwide/workdir:ro,Z" "-v" "/var/lib/crater-agent-workspace/cargo-home:/opt/rustwide/cargo-home:ro,Z" "-v" "/var/lib/crater-agent-workspace/rustup-home:/opt/rustwide/rustup-home:ro,Z" "-e" "SOURCE_DIR=/opt/rustwide/workdir" "-e" "CARGO_TARGET_DIR=/opt/rustwide/target" "-e" "CARGO_HOME=/opt/rustwide/cargo-home" "-e" "RUSTUP_HOME=/opt/rustwide/rustup-home" "-w" "/opt/rustwide/workdir" "-m" "1610612736" "--user" "0:0" "--network" "none" "ghcr.io/rust-lang/crates-build-env/linux@sha256:19e73879b68f455e41552ea35293514db52ea292d993f571636dbffedb77a1ee" "/opt/rustwide/cargo-home/bin/cargo" "+e6e4f7ed1589e03bc2f6c5931c1a72e7947e8682" "metadata" "--no-deps" "--format-version=1", kill_on_drop: false }`
[INFO] [stdout] ad6405226886f20a3c0d109c429706f4c94a1a99d887a4e5546b2b08d7fe65c5
[INFO] running `Command { std: "docker" "start" "-a" "ad6405226886f20a3c0d109c429706f4c94a1a99d887a4e5546b2b08d7fe65c5", kill_on_drop: false }`
[INFO] running `Command { std: "docker" "inspect" "ad6405226886f20a3c0d109c429706f4c94a1a99d887a4e5546b2b08d7fe65c5", kill_on_drop: false }`
[INFO] running `Command { std: "docker" "rm" "-f" "ad6405226886f20a3c0d109c429706f4c94a1a99d887a4e5546b2b08d7fe65c5", kill_on_drop: false }`
[INFO] [stdout] ad6405226886f20a3c0d109c429706f4c94a1a99d887a4e5546b2b08d7fe65c5
[INFO] running `Command { std: "docker" "create" "-v" "/var/lib/crater-agent-workspace/builds/worker-7-tc2/target:/opt/rustwide/target:rw,Z" "-v" "/var/lib/crater-agent-workspace/builds/worker-7-tc2/source:/opt/rustwide/workdir:ro,Z" "-v" "/var/lib/crater-agent-workspace/cargo-home:/opt/rustwide/cargo-home:ro,Z" "-v" "/var/lib/crater-agent-workspace/rustup-home:/opt/rustwide/rustup-home:ro,Z" "-e" "SOURCE_DIR=/opt/rustwide/workdir" "-e" "CARGO_TARGET_DIR=/opt/rustwide/target" "-e" "CARGO_INCREMENTAL=0" "-e" "RUST_BACKTRACE=full" "-e" "RUSTFLAGS=--cap-lints=forbid" "-e" "RUSTDOCFLAGS=--cap-lints=forbid" "-e" "CARGO_HOME=/opt/rustwide/cargo-home" "-e" "RUSTUP_HOME=/opt/rustwide/rustup-home" "-w" "/opt/rustwide/workdir" "-m" "1610612736" "--user" "0:0" "--network" "none" "ghcr.io/rust-lang/crates-build-env/linux@sha256:19e73879b68f455e41552ea35293514db52ea292d993f571636dbffedb77a1ee" "/opt/rustwide/cargo-home/bin/cargo" "+e6e4f7ed1589e03bc2f6c5931c1a72e7947e8682" "check" "--frozen" "--all" "--all-targets" "--message-format=json", kill_on_drop: false }`
[INFO] [stdout] cadc553b0a5d63100e32c5f0697cec00c4d67a899390adb864cf38e44b23ce82
[INFO] running `Command { std: "docker" "start" "-a" "cadc553b0a5d63100e32c5f0697cec00c4d67a899390adb864cf38e44b23ce82", kill_on_drop: false }`
[INFO] [stderr]    Compiling proc-macro2 v1.0.47
[INFO] [stderr]    Compiling unicode-ident v1.0.5
[INFO] [stderr]    Compiling quote v1.0.21
[INFO] [stderr]    Compiling syn v1.0.102
[INFO] [stderr]    Compiling serde_derive v1.0.145
[INFO] [stderr]    Compiling serde v1.0.145
[INFO] [stderr]    Compiling libc v0.2.135
[INFO] [stderr]    Compiling indexmap v1.9.1
[INFO] [stderr]    Compiling encoding_rs v0.8.31
[INFO] [stderr]     Checking linked-hash-map v0.5.6
[INFO] [stderr]     Checking ryu v1.0.11
[INFO] [stderr]     Checking hashbrown v0.12.3
[INFO] [stderr]    Compiling serde_json v1.0.87
[INFO] [stderr]     Checking iana-time-zone v0.1.51
[INFO] [stderr]     Checking itoa v1.0.4
[INFO] [stderr]     Checking yaml-rust v0.4.5
[INFO] [stderr]     Checking time v0.1.44
[INFO] [stderr]     Checking chrono v0.4.22
[INFO] [stderr]     Checking mail-parser v0.8.2 (/opt/rustwide/workdir)
[INFO] [stderr]     Checking bincode v1.3.3
[INFO] [stderr]     Checking serde_yaml v0.8.26
[INFO] [stdout] error[E0277]: the trait bound `mail_parser::Header<'_>: serde::de::Deserialize<'_>` is not satisfied
[INFO] [stdout]    --> tests/integration_test.rs:60:9
[INFO] [stdout]     |
[INFO] [stdout] 60  |         bincode::deserialize::<Vec<Header>>(
[INFO] [stdout]     |         ^^^^^^^^^^^^^^^^^^^^^^^^^^^^^^^^^^^ the trait `serde::de::Deserialize<'_>` is not implemented for `mail_parser::Header<'_>`
[INFO] [stdout]     |
[INFO] [stdout]     = help: the following other types implement trait `serde::de::Deserialize<'de>`:
[INFO] [stdout]               &'a Path
[INFO] [stdout]               &'a [u8]
[INFO] [stdout]               &'a str
[INFO] [stdout]               ()
[INFO] [stdout]               (T0, T1)
[INFO] [stdout]               (T0, T1, T2)
[INFO] [stdout]               (T0, T1, T2, T3)
[INFO] [stdout]               (T0, T1, T2, T3, T4)
[INFO] [stdout]             and 124 others
[INFO] [stdout]     = note: required for `Vec<mail_parser::Header<'_>>` to implement `serde::de::Deserialize<'_>`
[INFO] [stdout] note: required by a bound in `bincode::deserialize`
[INFO] [stdout]    --> /opt/rustwide/cargo-home/registry/src/index.crates.io-6f17d22bba15001f/bincode-1.3.3/src/lib.rs:179:8
[INFO] [stdout]     |
[INFO] [stdout] 177 | pub fn deserialize<'a, T>(bytes: &'a [u8]) -> Result<T>
[INFO] [stdout]     |        ----------- required by a bound in this function
[INFO] [stdout] 178 | where
[INFO] [stdout] 179 |     T: serde::de::Deserialize<'a>,
[INFO] [stdout]     |        ^^^^^^^^^^^^^^^^^^^^^^^^^^ required by this bound in `deserialize`
[INFO] [stdout] 
[INFO] [stdout] 
[INFO] [stdout] error[E0277]: the trait bound `mail_parser::Message<'_>: serde::ser::Serialize` is not satisfied
[INFO] [stdout]    --> examples/mailbox_parse_mbox.rs:20:46
[INFO] [stdout]     |
[INFO] [stdout] 20  |         println!("{}", serde_yaml::to_string(&message).unwrap());
[INFO] [stdout]     |                        --------------------- ^^^^^^^^ the trait `serde::ser::Serialize` is not implemented for `mail_parser::Message<'_>`
[INFO] [stdout]     |                        |
[INFO] [stdout]     |                        required by a bound introduced by this call
[INFO] [stdout]     |
[INFO] [stdout]     = help: the following other types implement trait `serde::ser::Serialize`:
[INFO] [stdout]               &'a T
[INFO] [stdout]               &'a mut T
[INFO] [stdout]               ()
[INFO] [stdout]               (T0, T1)
[INFO] [stdout]               (T0, T1, T2)
[INFO] [stdout]               (T0, T1, T2, T3)
[INFO] [stdout]               (T0, T1, T2, T3, T4)
[INFO] [stdout]               (T0, T1, T2, T3, T4, T5)
[INFO] [stdout]             and 127 others
[INFO] [stdout] note: required by a bound in `serde_yaml::to_string`
[INFO] [stdout]    --> /opt/rustwide/cargo-home/registry/src/index.crates.io-6f17d22bba15001f/serde_yaml-0.8.26/src/ser.rs:853:17
[INFO] [stdout]     |
[INFO] [stdout] 851 | pub fn to_string<T>(value: &T) -> Result<String>
[INFO] [stdout]     |        --------- required by a bound in this function
[INFO] [stdout] 852 | where
[INFO] [stdout] 853 |     T: ?Sized + ser::Serialize,
[INFO] [stdout]     |                 ^^^^^^^^^^^^^^ required by this bound in `to_string`
[INFO] [stdout] 
[INFO] [stdout] 
[INFO] [stdout] error[E0277]: the trait bound `mail_parser::Header<'_>: serde::ser::Serialize` is not satisfied
[INFO] [stdout]    --> tests/integration_test.rs:61:33
[INFO] [stdout]     |
[INFO] [stdout] 61  |             &bincode::serialize(&message.parts[0].headers).unwrap()
[INFO] [stdout]     |              ------------------ ^^^^^^^^^^^^^^^^^^^^^^^^^ the trait `serde::ser::Serialize` is not implemented for `mail_parser::Header<'_>`
[INFO] [stdout]     |              |
[INFO] [stdout]     |              required by a bound introduced by this call
[INFO] [stdout]     |
[INFO] [stdout]     = help: the following other types implement trait `serde::ser::Serialize`:
[INFO] [stdout]               &'a T
[INFO] [stdout]               &'a mut T
[INFO] [stdout]               ()
[INFO] [stdout]               (T0, T1)
[INFO] [stdout]               (T0, T1, T2)
[INFO] [stdout]               (T0, T1, T2, T3)
[INFO] [stdout]               (T0, T1, T2, T3, T4)
[INFO] [stdout]               (T0, T1, T2, T3, T4, T5)
[INFO] [stdout]             and 124 others
[INFO] [stdout]     = note: required for `Vec<mail_parser::Header<'_>>` to implement `serde::ser::Serialize`
[INFO] [stdout] note: required by a bound in `bincode::serialize`
[INFO] [stdout]    --> /opt/rustwide/cargo-home/registry/src/index.crates.io-6f17d22bba15001f/bincode-1.3.3/src/lib.rs:108:8
[INFO] [stdout]     |
[INFO] [stdout] 106 | pub fn serialize<T: ?Sized>(value: &T) -> Result<Vec<u8>>
[INFO] [stdout]     |        --------- required by a bound in this function
[INFO] [stdout] 107 | where
[INFO] [stdout] 108 |     T: serde::Serialize,
[INFO] [stdout]     |        ^^^^^^^^^^^^^^^^ required by this bound in `serialize`
[INFO] [stdout] 
[INFO] [stdout] 
[INFO] [stdout] error: aborting due to previous error
[INFO] [stdout] 
[INFO] [stdout] 
[INFO] [stdout] For more information about this error, try `rustc --explain E0277`.
[INFO] [stdout] 
[INFO] [stdout] error[E0277]: the trait bound `mail_parser::Message<'_>: serde::ser::Serialize` is not satisfied
[INFO] [stdout]     --> examples/message_parse.rs:143:49
[INFO] [stdout]      |
[INFO] [stdout] 143  |     println!("{}", serde_json::to_string_pretty(&message).unwrap());
[INFO] [stdout]      |                    ---------------------------- ^^^^^^^^ the trait `serde::ser::Serialize` is not implemented for `mail_parser::Message<'_>`
[INFO] [stdout]      |                    |
[INFO] [stdout]      |                    required by a bound introduced by this call
[INFO] [stdout]      |
[INFO] [stdout]      = help: the following other types implement trait `serde::ser::Serialize`:
[INFO] [stdout]                &'a T
[INFO] [stdout]                &'a mut T
[INFO] [stdout]                ()
[INFO] [stdout]                (T0, T1)
[INFO] [stdout]                (T0, T1, T2)
[INFO] [stdout]                (T0, T1, T2, T3)
[INFO] [stdout]                (T0, T1, T2, T3, T4)
[INFO] [stdout]                (T0, T1, T2, T3, T4, T5)
[INFO] [stdout]              and 130 others
[INFO] [stdout] note: required by a bound in `to_string_pretty`
[INFO] [stdout]     --> /opt/rustwide/cargo-home/registry/src/index.crates.io-6f17d22bba15001f/serde_json-1.0.87/src/ser.rs:2160:17
[INFO] [stdout]      |
[INFO] [stdout] 2158 | pub fn to_string_pretty<T>(value: &T) -> Result<String>
[INFO] [stdout]      |        ---------------- required by a bound in this function
[INFO] [stdout] 2159 | where
[INFO] [stdout] 2160 |     T: ?Sized + Serialize,
[INFO] [stdout]      |                 ^^^^^^^^^ required by this bound in `to_string_pretty`
[INFO] [stdout] 
[INFO] [stdout] 
[INFO] [stdout] error[E0277]: the trait bound `mail_parser::Message<'_>: serde::ser::Serialize` is not satisfied
[INFO] [stdout]    --> examples/message_parse.rs:144:42
[INFO] [stdout]     |
[INFO] [stdout] 144 |     println!("{}", serde_yaml::to_string(&message).unwrap());
[INFO] [stdout]     |                    --------------------- ^^^^^^^^ the trait `serde::ser::Serialize` is not implemented for `mail_parser::Message<'_>`
[INFO] [stdout]     |                    |
[INFO] [stdout]     |                    required by a bound introduced by this call
[INFO] [stdout]     |
[INFO] [stdout]     = help: the following other types implement trait `serde::ser::Serialize`:
[INFO] [stdout]               &'a T
[INFO] [stdout]               &'a mut T
[INFO] [stdout]               ()
[INFO] [stdout]               (T0, T1)
[INFO] [stdout]               (T0, T1, T2)
[INFO] [stdout]               (T0, T1, T2, T3)
[INFO] [stdout]               (T0, T1, T2, T3, T4)
[INFO] [stdout]               (T0, T1, T2, T3, T4, T5)
[INFO] [stdout]             and 130 others
[INFO] [stdout] note: required by a bound in `serde_yaml::to_string`
[INFO] [stdout]    --> /opt/rustwide/cargo-home/registry/src/index.crates.io-6f17d22bba15001f/serde_yaml-0.8.26/src/ser.rs:853:17
[INFO] [stdout]     |
[INFO] [stdout] 851 | pub fn to_string<T>(value: &T) -> Result<String>
[INFO] [stdout]     |        --------- required by a bound in this function
[INFO] [stdout] 852 | where
[INFO] [stdout] 853 |     T: ?Sized + ser::Serialize,
[INFO] [stdout]     |                 ^^^^^^^^^^^^^^ required by this bound in `to_string`
[INFO] [stdout] 
[INFO] [stdout] 
[INFO] [stderr] error: could not compile `mail-parser` (example "mailbox_parse_mbox") due to 2 previous errors
[INFO] [stderr] warning: build failed, waiting for other jobs to finish...
[INFO] [stdout] error: aborting due to 2 previous errors
[INFO] [stdout] 
[INFO] [stdout] 
[INFO] [stdout] For more information about this error, try `rustc --explain E0277`.
[INFO] [stdout] 
[INFO] [stdout] error: aborting due to 2 previous errors
[INFO] [stdout] 
[INFO] [stdout] 
[INFO] [stdout] For more information about this error, try `rustc --explain E0277`.
[INFO] [stdout] 
[INFO] [stderr] error: could not compile `mail-parser` (example "message_parse") due to 3 previous errors
[INFO] [stderr] error: could not compile `mail-parser` (test "integration_test") due to 3 previous errors
[INFO] [stdout] error[E0277]: the trait bound `for<'de> HeaderValue<'_>: Deserialize<'de>` is not satisfied
[INFO] [stdout]     --> src/parsers/fields/address.rs:1006:41
[INFO] [stdout]      |
[INFO] [stdout] 1006 |             let expected: HeaderValue = serde_yaml::from_str(input.1).unwrap_or(HeaderValue::Empty);
[INFO] [stdout]      |                                         ^^^^^^^^^^^^^^^^^^^^ the trait `for<'de> Deserialize<'de>` is not implemented for `HeaderValue<'_>`
[INFO] [stdout]      |
[INFO] [stdout]      = help: the following other types implement trait `Deserialize<'de>`:
[INFO] [stdout]                &'a Path
[INFO] [stdout]                &'a [u8]
[INFO] [stdout]                &'a str
[INFO] [stdout]                ()
[INFO] [stdout]                (T0, T1)
[INFO] [stdout]                (T0, T1, T2)
[INFO] [stdout]                (T0, T1, T2, T3)
[INFO] [stdout]                (T0, T1, T2, T3, T4)
[INFO] [stdout]              and 132 others
[INFO] [stdout]      = note: required for `HeaderValue<'_>` to implement `DeserializeOwned`
[INFO] [stdout] note: required by a bound in `serde_yaml::from_str`
[INFO] [stdout]     --> /opt/rustwide/cargo-home/registry/src/index.crates.io-6f17d22bba15001f/serde_yaml-0.8.26/src/de.rs:1434:8
[INFO] [stdout]      |
[INFO] [stdout] 1432 | pub fn from_str<T>(s: &str) -> Result<T>
[INFO] [stdout]      |        -------- required by a bound in this function
[INFO] [stdout] 1433 | where
[INFO] [stdout] 1434 |     T: DeserializeOwned,
[INFO] [stdout]      |        ^^^^^^^^^^^^^^^^ required by this bound in `from_str`
[INFO] [stdout] 
[INFO] [stdout] 
[INFO] [stdout] error[E0277]: the trait bound `Message<'_>: Serialize` is not satisfied
[INFO] [stdout]     --> src/parsers/message.rs:571:69
[INFO] [stdout]      |
[INFO] [stdout] 571  |                     let json_message = serde_json::to_string_pretty(&message).unwrap();
[INFO] [stdout]      |                                        ---------------------------- ^^^^^^^^ the trait `Serialize` is not implemented for `Message<'_>`
[INFO] [stdout]      |                                        |
[INFO] [stdout]      |                                        required by a bound introduced by this call
[INFO] [stdout]      |
[INFO] [stdout]      = help: the following other types implement trait `Serialize`:
[INFO] [stdout]                &'a T
[INFO] [stdout]                &'a mut T
[INFO] [stdout]                ()
[INFO] [stdout]                (T0, T1)
[INFO] [stdout]                (T0, T1, T2)
[INFO] [stdout]                (T0, T1, T2, T3)
[INFO] [stdout]                (T0, T1, T2, T3, T4)
[INFO] [stdout]                (T0, T1, T2, T3, T4, T5)
[INFO] [stdout]              and 132 others
[INFO] [stdout] note: required by a bound in `to_string_pretty`
[INFO] [stdout]     --> /opt/rustwide/cargo-home/registry/src/index.crates.io-6f17d22bba15001f/serde_json-1.0.87/src/ser.rs:2160:17
[INFO] [stdout]      |
[INFO] [stdout] 2158 | pub fn to_string_pretty<T>(value: &T) -> Result<String>
[INFO] [stdout]      |        ---------------- required by a bound in this function
[INFO] [stdout] 2159 | where
[INFO] [stdout] 2160 |     T: ?Sized + Serialize,
[INFO] [stdout]      |                 ^^^^^^^^^ required by this bound in `to_string_pretty`
[INFO] [stdout] 
[INFO] [stdout] 
[INFO] [stdout] error[E0277]: the trait bound `Message<'_>: Serialize` is not satisfied
[INFO] [stdout]     --> src/parsers/message.rs:588:69
[INFO] [stdout]      |
[INFO] [stdout] 588  |                     let json_message = serde_json::to_string_pretty(&message).unwrap();
[INFO] [stdout]      |                                        ---------------------------- ^^^^^^^^ the trait `Serialize` is not implemented for `Message<'_>`
[INFO] [stdout]      |                                        |
[INFO] [stdout]      |                                        required by a bound introduced by this call
[INFO] [stdout]      |
[INFO] [stdout]      = help: the following other types implement trait `Serialize`:
[INFO] [stdout]                &'a T
[INFO] [stdout]                &'a mut T
[INFO] [stdout]                ()
[INFO] [stdout]                (T0, T1)
[INFO] [stdout]                (T0, T1, T2)
[INFO] [stdout]                (T0, T1, T2, T3)
[INFO] [stdout]                (T0, T1, T2, T3, T4)
[INFO] [stdout]                (T0, T1, T2, T3, T4, T5)
[INFO] [stdout]              and 132 others
[INFO] [stdout] note: required by a bound in `to_string_pretty`
[INFO] [stdout]     --> /opt/rustwide/cargo-home/registry/src/index.crates.io-6f17d22bba15001f/serde_json-1.0.87/src/ser.rs:2160:17
[INFO] [stdout]      |
[INFO] [stdout] 2158 | pub fn to_string_pretty<T>(value: &T) -> Result<String>
[INFO] [stdout]      |        ---------------- required by a bound in this function
[INFO] [stdout] 2159 | where
[INFO] [stdout] 2160 |     T: ?Sized + Serialize,
[INFO] [stdout]      |                 ^^^^^^^^^ required by this bound in `to_string_pretty`
[INFO] [stdout] 
[INFO] [stdout] 
[INFO] [stdout] error: aborting due to 3 previous errors
[INFO] [stdout] 
[INFO] [stdout] 
[INFO] [stdout] For more information about this error, try `rustc --explain E0277`.
[INFO] [stdout] 
[INFO] [stderr] error: could not compile `mail-parser` (lib test) due to 4 previous errors
[INFO] running `Command { std: "docker" "inspect" "cadc553b0a5d63100e32c5f0697cec00c4d67a899390adb864cf38e44b23ce82", kill_on_drop: false }`
[INFO] running `Command { std: "docker" "rm" "-f" "cadc553b0a5d63100e32c5f0697cec00c4d67a899390adb864cf38e44b23ce82", kill_on_drop: false }`
[INFO] [stdout] cadc553b0a5d63100e32c5f0697cec00c4d67a899390adb864cf38e44b23ce82
